ase 11, what is -35154 + -3?
-35157
In base 12, what is 10 - -1a14a16?
1a14a26
In base 5, what is 2413241 - 232233?
2131003
In base 11, what is -19131155 + -4?
-19131159
In base 8, what is -4 + -5375146?
-5375152
In base 13, what is 11b478 + 300?
11b778
In base 5, what is 1 + -22311000041?
-22311000040
In base 2, what is -1110010 + 101100110111101110011?
101100110111100000001
In base 16, what is 67ba84 + -d?
67ba77
In base 10, what is 3829121 + -6?
3829115
In base 9, what is -5 - -535000736?
535000731
In base 7, what is -106151 - 11120?
-120301
In base 9, what is -1334807 + 15?
-1334782
In base 8, what is -1 - 40100065?
-40100066
In base 11, what is -4273 - -264?
-400a
In base 8, what is -14 + -4773367?
-4773403
In base 11, what is 15 + 515a7a?
515a94
In base 2, what is -11100001111011 - 10101001010?
-11110111000101
In base 6, what is -1 - -113544021?
113544020
In base 13, what is -12879c30 + 4?
-12879c29
In base 7, what is 526545 - 21?
526524
In base 4, what is 11303131202 + 1?
11303131203
In base 6, what is 323115 - -13513?
341032
In base 3, what is 11212001020212010 - -12?
11212001020212022
In base 14, what is 2d90 - 1531?
185d
In base 16, what is -141f39 + 57?
-141ee2
In base 7, what is -2 + 23233221?
23233216
In base 2, what is 11001110100 + 10010100?
11100001000
In base 16, what is 6d2 - -5f9?
ccb
In base 5, what is -322330024 - 0?
-322330024
In base 14, what is -1b01 + 28bc9?
270c8
In base 8, what is -4275 - 2137571?
-2144066
In base 6, what is 42321531 + 215?
42322150
In base 9, what is -17 - 5014526?
-5014544
In base 5, what is 11 - 13230401?
-13230340
In base 5, what is 300 + 1434434024?
1434434324
In base 7, what is 46236 + -1265?
44641
In base 4, what is -221021033333 + -12?
-221021100011
In base 9, what is -3 - 5803542?
-5803545
In base 9, what is 10081 - -34055?
44146
In base 10, what is -23717018 + 29?
-23716989
In base 5, what is -30023 + -10340204?
-10420232
In base 3, what is 100012010222101 - -200?
100012011000001
In base 8, what is 21677326 - -134?
21677462
In base 5, what is -10 + -3311311040?
-3311311100
In base 3, what is -22 + 1212100200222?
1212100200200
In base 11, what is 6477 + -6515?
-49
In base 4, what is -21212 + -21211?
-103023
In base 16, what is 851bc17 - 8?
851bc0f
In base 10, what is 1326257 - -1?
1326258
In base 9, what is 3 + 328674317?
328674321
In base 5, what is 1123 - 1333220?
-1332042
In base 8, what is -47 - -245640735?
245640666
In base 13, what is -478a52ba - 4?
-478a52c1
In base 10, what is 111 - -161431?
161542
In base 15, what is 521dce - 3?
521dcb
In base 12, what is 3 + -4aa406?
-4aa403
In base 5, what is -111 + 332040310?
332040144
In base 8, what is -130 + -2777235?
-2777365
In base 10, what is -1831312 + -62?
-1831374
In base 2, what is 10011111111 + 1101111011100000010?
1101111110000000001
In base 11, what is -8398 - 798?
-9085
In base 12, what is -48b5b383 - -5?
-48b5b37a
In base 15, what is 120ad + -28?
12085
In base 4, what is 20 + 22110001111?
22110001131
In base 7, what is -1123 - -33035?
31612
In base 3, what is -202112120201 + 120?
-202112120011
In base 9, what is -3060 + 38251?
35181
In base 5, what is -24142141 + -1240?
-24143431
In base 13, what is 82a26 - -64?
82a8a
In base 13, what is -13 + b20c?
b1c9
In base 7, what is -532223 + 1641?
-530252
In base 15, what is -4 + 1b339d3?
1b339ce
In base 9, what is 67470234 + -5?
67470228
In base 8, what is -7237514 + -72?
-7237606
In base 12, what is 6949 - 237?
6712
In base 3, what is 2000112121012 - 112111?
2000112001201
In base 5, what is -1200014011 + 240?
-1200013221
In base 13, what is 2649cc + -1?
2649cb
In base 7, what is -4631436 + 224?
-4631212
In base 13, what is -575cb1 - -15?
-575c99
In base 7, what is -5 - 44000064?
-44000102
In base 3, what is -11120111 + 12200022222?
12111202111
In base 6, what is 302553 - 3201?
255352
In base 7, what is 3563 - 1401?
2162
In base 4, what is -1003132233 + -20?
-1003132313
In base 14, what is -16087d3 - -a?
-16087c7
In base 5, what is -1 - 431214344?
-431214400
In base 8, what is 3 + -153350260?
-153350255
In base 7, what is -40 - 5353331?
-5353401
In base 13, what is -16 - 2c889cc?
-2c88a15
In base 2, what is -1000 - -1111100101100010001?
1111100101100001001
In base 9, what is 144132070 + -2?
144132067
In base 8, what is 2511 - 5362?
-2651
In base 9, what is -1263708 - 2?
-1263711
In base 2, what is -100111110110000 + -11100011?
-101000010010011
In base 3, what is -112121120 + 11011021?
-101110022
In base 11, what is -3242 - -3680?
439
In base 12, what is 2802110 + -5?
2802107
In base 2, what is 10001101001 - 10010110110000101?
-10010100100011100
In base 11, what is 47624 - -1189?
48802
In base 10, what is 2 - 7128886?
-7128884
In base 4, what is -20022333211 - 312?
-20023000123
In base 7, what is -212250 + -5002?
-220252
In base 10, what is 47345750 + 3?
47345753
In base 11, what is 3860a77 - -4?
3860a80
In base 2, what is -110 - 1101111000110110010?
-1101111000110111000
In base 9, what is -3813 - -103754?
88841
In base 7, what is 2 - -3653160?
3653162
In base 7, what is -6341101 + 20?
-6341051
In base 6, what is -2050202 - 20454?
-2111100
In base 4, what is -11 + -13103203013?
-13103203030
In base 15, what is -47 + -1a312e?
-1a3176
In base 5, what is 113340303 + -23?
113340230
In base 7, what is 33105 - 42?
33033
In base 11, what is 5 - 8146481?
-8146477
In base 12, what is 1a5 + -a3a3?
-a1ba
In base 12, what is 5 - 3b47835?
-3b47830
In base 4, what is 112131113103 - 1?
112131113102
In base 5, what is -40 - 34231422?
-34232012
In base 9, what is -125 - -261480?
261354
In base 6, what is 33210 - -3532?
41142
In base 16, what is 237 - d93f3?
-d91bc
In base 3, what is 211002 - -11102210?
12020212
In base 3, what is 101212101 - -101211?
102021012
In base 13, what is 78267979 + -2?
78267977
In base 9, what is 224007 - -27?
224035
In base 4, what is -123113 - 100111111?
-100300230
In base 12, what is -156 - -73ba22?
73b888
In base 10, what is -30108213 + -10?
-30108223
In base 15, what is -b4c0 - 3cd?
-b89d
In base 15, what is 11 + -3cb51a?
-3cb509
In base 7, what is 3211 + 3032?
6243
In base 14, what is -74513 + 25?
-744cc
In base 7, what is -33563356622 + 4?
-33563356615
In base 12, what is -3 + 66a4644?
66a4641
In base 16, what is -2904216 + -a?
-2904220
In base 15, what is 6 + -191d?
-1917
In base 9, what is -281381444 + -1?
-281381445
In base 13, what is -5 - 4c1226?
-4c122b
In base 3, what is 1 - 222222000002200112?
-222222000002200111
In base 11, what is -4 + 9049961?
9049958
In base 9, what is -1463561 - 556?
-1464227
In base 10, what is 19939277 + -12?
19939265
In base 9, what is -112 + -5640662?
-5640774
In base 9, what is 5 + 5807754?
5807760
In base 2, what is -10000111001010100011000 + -11?
-10000111001010100011011
In base 7, what is 30 + -110305160?
-110305130
In base 7, what is -4304142 - 11242?
-4315414
In base 3, what is -10 + -20020221211200?
-20020221211210
In base 9, what is -106684 + -1637?
-108432
In base 14, what is -82950a + 5?
-829505
In base 14, what is -1004c633 + 4?
-1004c62d
In base 10, what is -551356035 - 0?
-551356035
In base 3, what is 221 + 2211212200121?
2211212201112
In base 11, what is -6 + -48094356?
-48094361
In base 5, what is -204444 - -302042?
42043
In base 13, what is 16173 + -155?
1601b
In base 16, what is 2 - 33a6785?
-33a6783
In base 6, what is 205500542 - 2?
205500540
In base 14, what is -3d6bba7 + -3?
-3d6bbaa
In base 7, what is -33345 + 135130?
101452
In base 11, what is 108a4 - 250?
10654
In base 7, what is -161426 + -425?
-162154
In base 11, what is 374 - 5956?
-5592
In base 6, what is -103525503 + -5?
-103525512
In base 3, what is 210212110200 + 20102?
210212201002
In base 5, what is 42102213 + -133?
42102030
In base 11, what is 177 + -2720638?
-2720471
In base 5, what is 0 - -11032111444?
11032111444
In base 4, what is -2212212012030 + -1?
-2212212012031
In base 2, what is 11101000010001100000011100111 - -11?
11101000010001100000011101010
In base 3, what is 111222001220222 - -110?
111222001221102
In base 16, what is 6efd + 948?
7845
In base 5, what is -23430421342 - -21?
-23430421321
In base 8, what is 362 + -457072?
-456510
In base 13, what is 633 - 1393?
-a60
In base 15, what is -16b - b7ee0?
-b815b
In base 4, what is 12222 + 21023102?